(n). Give s(0).
-7
Let s(h) = h**3 + 6*h**2 + 4*h - 3. Suppose 0 = -48*g + 45*g + 9. Suppose 4 = p - g*f, -5*p - 4*f - 16 = 21. Calculate s(p).
2
Let u(p) be the first derivative of 11*p**3/3 + p**2/2 + 2*p - 205. Calculate u(-1).
12
Let x(a) = 98*a**3 - 3*a**2 - 300*a**3 - a - 2 + 103*a**3 + 97*a**3. Let j be 1*-3*(-4)/(-6). What is x(j)?
4
Let u(n) = -2*n - 3. Let k be u(-2). Let j(c) = c**2 + 1. Let r(h) = h**2 - h + 3. Let b(m) = 2*j(m) - r(m). Give b(k).
1
Let z be 5/(-20) + 27/(-36). Let u(w) = -7*w**3 + w**2 + w. What is u(z)?
7
Suppose -3*z + 2*z + 4 = 0. Let c(s) = 2*s - s + z - 6*s. Let n be (-1)/(-2) - 10/(-4). Give c(n).
-11
Let k(x) = -x + 1. Suppose -16*f + 52 + 12 = 0. Calculate k(f).
-3
Let z(a) = a**3 + 9*a**2 - 2. Let y = 138 + -63. Let m = 66 - y. Calculate z(m).
-2
Let x be 9/270*-6 - (-2)/10. Let u(h) be the third derivative of 2/3*h**3 + x + 0*h + 2*h**2 + 1/24*h**4. Calculate u(0).
4
Let r be ((-82)/(-205))/(2/(-10)). Let x(i) be the second derivative of i**3/6 + 2*i. What is x(r)?
-2
Let m(k) = -k**3 - 7*k**2 + 10*k + 16. Let t be 16/4 - (-3 + 1 - -14). Calculate m(t).
0
Suppose -19*z + 15*z - 24 = 0. Let w(u) = -2*u - 5. Determine w(z).
7
Let c be (-4 - -2)*8*-1. Let t = 21 - c. Let s(j) be the second derivative of j**4/12 - 5*j**3/6 - 2*j**2 - 2*j. Determine s(t).
-4
Let d = -1 - -1. Let v be (-53)/(-106) - 2/4. Suppose -2*a = -d*a - 3*i + 3, v = 2*a + 2*i - 12. Let o(h) = -h**3 + 4*h**2 - 4. Calculate o(a).
5
Let j(a) = -5*a**3 + 12*a**2 + 9*a + 4. Let u(h) = -9*h**3 + 22*h**2 + 17*h + 7. Let i(d) = 7*j(d) - 4*u(d). Calculate i(5).
0
Let f(k) be the second derivative of -k**7/840 + k**5/60 + k**4/24 + 19*k**3/6 - 21*k. Let c(b) be the second derivative of f(b). Give c(-1).
0
Let x(b) = b**3 + 4*b**2 + 3*b - 7. Let u = 2135 - 2140. Give x(u).
-47
Let f(n) = -4*n**3 - n + 2. Let v = 25 + -25. Let x(a) = 4 + a + v*a - 7*a**3 + a**2 - 3*a. Let o(i) = -5*f(i) + 3*x(i). Give o(3).
-1
Let r(w) be the third derivative of -w**4/24 + w**3/3 + 45*w**2 - 1. What is r(-4)?
6
Let f(s) = -s**3 + 7*s**2 - 5*s + 2. Let a(m) be the second derivative of -6*m**2 + 0 + m + 11/6*m**3 - 1/12*m**4. Let t be a(9). Calculate f(t).
8
Let l(g) = -g + 5. Let q(c) = c - 4. Let j(m) = -4*l(m) - 5*q(m). Let h = -42 - -48. Give j(h).
-6
Let u = -1 - 0. Let z(j) = 70*j + 68*j - 191*j + 61*j. Determine z(u).
-8
Let x(z) = -17*z + 1. Suppose 0 = -2*l - 4*j - 10, 4*l + 5*j + 10 = -l. Determine x(l).
-16
Let b be 3 + (-3)/((-12)/(-28)). Let d be b/(-8)*(-24)/(-2). Let c(r) = -r**2 + 1 - 3*r + 3 + 9*r. Give c(d).
4
Let k(r) = -5*r - 3. Let z(m) = -13*m - 6. Let n(b) = 10*k(b) - 4*z(b). Give n(7).
8
Let t(j) = -5*j**3 + 0*j**3 + 0*j**3 + j**2. Let z = 39 + -38. What is t(z)?
-4
Let t(v) = v**3 + 6*v**2 + 3*v - 1. Suppose -18 = -3*a - 4*b - 46, 4 = -5*a + 4*b. What is t(a)?
19
Let d(j) be the second derivative of -j**4/12 + j**3/3 - 3*j**2/2 - 2*j. Let q be 1*-8*(-4)/2. Suppose 3*n - q = -n. Determine d(n).
-11
Let w(n) be the first derivative of -n**3/3 + 7*n**2/2 - 8*n + 79. Determine w(8).
-16
Let p(w) = 3*w**3 + 21*w**2 - 6*w - 3. Let o(l) = 9*l**3 + 62*l**2 - 16*l - 9. Let f(c) = -3*o(c) + 8*p(c). What is f(-6)?
3
Let c(l) = l - 11592*l**2 + 6*l + 5798*l**2 + 13 + 5795*l**2 + 1. What is c(-7)?
14
Let k(u) = -3*u**2 + u**3 + 12*u**2 + 1 - 3*u**2. Let l = 31 - 37. Calculate k(l).
1
Let j be (6/4)/(10*(-5)/(-100)). Let t(o) be the first derivative of -5 - 3/2*o**2 + 1/3*o**j - 7*o. What is t(6)?
11
Let b(p) = p**3 - 5*p**2 + p + 3. Suppose 64 = 3*k - 5. Let i = -18 + k. Give b(i).
8
Let v(l) be the second derivative of l**5/20 - l**4/6 - l**3/6 + l**2/2 - l. Suppose 0 = -36*u + 39*u + 66. Let w be (-5)/25 - u/10. What is v(w)?
-1
Let t(v) be the second derivative of 0 - 1/3*v**4 + 0*v**2 + 1/3*v**3 - 41*v. Give t(-2).
-20
Let h(f) = 4*f**2 + 2*f**2 - 2*f**2 + 10*f + 9. Let c(k) = -38 + 8*k**2 - 34 + 17*k + 89 + 2*k. Let z(p) = -6*c(p) + 11*h(p). Calculate z(-2).
-11
Let z(f) = f**2 + 6*f + 2. Let l = 87 + -63. Suppose -29*s + 25*s = l. Determine z(s).
2
Let d(t) = 2*t - 2. Let q(r) = 4*r - 3. Let u(y) = 5*d(y) - 3*q(y). What is u(8)?
-17
Let d(u) = u**3 + 2*u**2 + 2*u + 4. Suppose 0*l - 33 = -5*l - 4*h, -2*h = -5*l + 51. Suppose 21*k - l = 24*k. What is d(k)?
-11
Let x(c) = 0*c - 2 - 1 - c. Let g(j) = 15*j - 10. Let y be g(2). Let h = y - 14. Determine x(h).
-9
Let z(o) = o**2 - 2*o - 3. Let a(v) = 11*v - 169. Let l be a(15). What is z(l)?
21
Let y(i) = 7*i**2 - 5 - 62*i - 8*i**2 + 70*i. What is y(6)?
7
Let o = -592 - -602. Let m(f) = f - 3. What is m(o)?
7
Let k(o) be the first derivative of -o**3/3 - o**2/2 + 19*o - 1. Suppose 3*u + 6 = -2*q, -31*q + 6 = 4*u - 33*q. What is k(u)?
19
Suppose 3*c = -4*t + 65, 4*t - 3*c - 72 = c. Suppose 2*j + t + 7 = 0. Let k(u) = -u - 10. Give k(j).
2
Suppose k = 2*k - 1. Let h be k*12*7/14. Let n(v) be the third derivative of -v**5/60 + 5*v**4/24 + v**3 - 23*v**2. Calculate n(h).
0
Let f(q) be the first derivative of q**4/4 + 5*q**3/3 + q**2/2 + 4*q - 3. Let k be f(-5). Let u(o) = -o - 13*o**2 - 17*o**2 + 35*o**2. What is u(k)?
6
Let t(s) = 6*s**2 + 14 + 4 + s**3 + 9 - 21. Determine t(-6).
6
Let i(t) = 16*t - 3 + t**2 - 8*t - 1 - 4. Let a be i(-9). Let f(w) = -6*w - 1. Let p(x) = x. Let s(q) = f(q) + 4*p(q). Calculate s(a).
-3
Let k(p) = p. Let d be k(0). Suppose 4*z - 15 = -z. Suppose z*f = -d*f. Let c(i) = -i + 1. Give c(f).
1
Let m(w) = 5*w**2 - 9*w - 7. Let a(d) = -3*d**2 + 2*d + 1. Let h(p) = -4*a(p) - m(p). Calculate h(2).
33
Let d = -54 + 42. Let g be (1 - 1) + (d - -9). Let a(u) = 3*u + 2 - 1 + 1. Determine a(g).
-7
Suppose -86*d = -293*d. Let y(w) = -12 + 2*w**2 - w**2 - 1. Determine y(d).
-13
Suppose -8*f = -3*f - 205. Suppose -f = -m - 46. Let r(d) = 2 + d**2 + 3*d - 1 + 2*d. What is r(m)?
1
Let a(l) be the first derivative of -l**3/3 - l**2 - 4*l - 347. Determine a(-2).
-4
Let u(v) = 3*v**2 - 4*v + 2. Let d be 6/(-27) - 2/(-9). Suppose d = -y + 2*y. Suppose y = o - 1, -3*t + 0*o + 13 = 4*o. Calculate u(t).
17
Let q(p) = 9*p**2 - 20*p + 63. Let y(c) = 5*c**2 - 11*c + 34. Let u(t) = -6*q(t) + 11*y(t). Give u(7).
38
Let q = 2 - -3. Let g(i) be the first derivative of -i**4/4 + 5*i**3/3 - 6*i + 22. Calculate g(q).
-6
Let n(w) = 5*w**3 + w**2 - w + 17. Let q(r) = 4*r**3 + r**2 - r + 16. Let z(l) = -3*n(l) + 4*q(l). Let u = -78 + 78. Give z(u).
13
Let j(h) = -h + 3*h + 3 - 2*h**2 - 5 - h**3. Let w(s) = -5 + s**3 - 11*s**2 + 1 + 1. Let u be w(11). Calculate j(u).
1
Let t(v) be the first derivative of -2*v**3/3 - 10*v**2 - 20*v + 495. Determine t(-9).
-2
Let s(y) = -8*y**2 - 18 + y**2 - 23*y**3 + 22*y**3 + 7*y**2. Let t = -3 + 3. Give s(t).
-18
Let o(c) be the first derivative of -c**3/3 - 4*c - 359. Determine o(4).
-20
Suppose -30*s = -32*s + 6. Let p(v) = 0*v**3 - 10*v**2 + v + 9*v**2 - 5*v + v**s. Give p(3).
6
Let c(u) = -u - 2. Let f be c(0). Let o(j) = 2 - 4*j + 4*j**2 + 7*j + 5*j - 5*j - 2*j**2. Calculate o(f).
4
Suppose 20*c = 17*c - 6. Let d be 9*(16/(-6) - c). Let o(r) = r + 3. Calculate o(d).
-3
Suppose -2*a = 2*a + 252. Suppose -4*c - 4*u = -48, -4*c = u - 38 - 1. Let o be (-301)/a - (-2)/c. Let b(h) = 2*h - 4. What is b(o)?
6
Let z(h) = -h**2 - h. Let i(j) = -j**3 - 6*j**2 - 4*j - 1. Suppose -r + 2 = 0, -4*x + 1 + 7 = -2*r. Let v(w) = x*z(w) - i(w). What is v(-2)?
3
Let m(t) = -7*t - t**3 - 15 - 24*t**2 + 11*t**2 + t + 4*t. What is m(-13)?
11
Let l(s) = -s**3 - 3*s**2 - 2*s + 2. Let d be 0*1/3 + -2. Let y be l(d). Let k(i) = -y*i + 1 - 3*i + 6*i. Give k(0).
1
Let a(z) = -2 - 22 + 8 + 16 + 19*z**2 + z. Calculate a(1).
20
Let n(c) = 0*c**2 + 10*c**2 + 7*c - 7*c + 1. What is n(1)?
11
Let n(i) = -3 + 0 + 2 + i**2 - i. Suppose a = 5*y - 0*a - 83, 0 = -5*y - 4*a + 68. Suppose 0*g + 2*g + 8 = -5*z, z + 4*g + y = 0. What is n(z)?
-1
Let t be ((-108)/45)/((-3)/(-10)). Let a be ((-3)/(-2))/((-6)/t). Suppose -w + 25 = 3*f, 0 = -a*w + 4 - 2. Let k(l) = -l**2 + 6*l + 8. What is k(f)?
-8
Let k(y) be the third derivative of 1/120*y**6 + 0*y - 1/3*y**3 + 0 + 1/20*y**5 - 1/6*y**4 + y**2. What is k(-3)?
10
Let i(g) be the third derivative of 5*g**4/12 + g**3/3 + 21*g**2. Suppose 14*w = -9 - 19. Determine i(w).
-18
Let x(b) = -b - 1. Let r(n) = -2*n**2 - 11*n - 2. Let j(p) = r(p) + 3*x(p). Give j(-6).
7
Let v(a) be th